Jun 3 08:11:46 vps52252 postfix/587/smtpd[290095]: disconnect from unknown[125.105.19.234] ehlo=1 auth=0/1 commands=1/2
Jun 3 08:11:50 vps52252 postfix/587/smtpd[290095]: connect from unknown[125.105.19.234]
Jun 3 08:11:51 vps52252 postfix/587/smtpd[290095]: lost connection after AUTH from unknown[125.105.19.234]
Jun 3 08:11:51 vps52252 postfix/587/smtpd[290095]: disconnect from unknown[125.105.19.234] ehlo=1 auth=0/1 commands=1/2
Jun 3 08:11:52 vps52252 postfix/587/smtpd[290095]: connect from unknown[125.105.19.234]
Jun 3 08:11:52 vps52252 postfix/587/smtpd[290095]: lost connection after AUTH from unknown[125.105.19.234]
Jun 3 08:11:52 vps52252 postfix/587/smtpd[290095]: disconnect from unknown[125.105.19.234] ehlo=1 auth=0/1 commands=1/2
Jun 3 08:11:56 vps52252 postfix/25/smtpd[288813]: connect from ip-64-90-62-226.dreamhost.com[64.90.62.226]
Jun 3 08:11:56 vps52252 postfix/25/smtpd[288813]: lost connection after CONNECT from ip-64-90-62-226.dreamhost.com[64.90.62.226]
Jun 3 08:11:56 vps52252 postfix/25/smtpd[288813]: disconnect from ip-64-90-62-226.dreamhost.com[64.90.62.226] commands=0/0
Jun 3 08:11:58 vps52252 postfix/587/smtpd[290095]: connect from unknown[125.105.18.224]
Jun 3 08:12:00 vps52252 postfix/587/smtpd[290095]: lost connection after AUTH from unknown[125.105.18.224]
Jun 3 08:12:00 vps52252 postfix/587/smtpd[290095]: disconnect from unknown[125.105.18.224] ehlo=1 auth=0/1 commands=1/2
Jun 3 08:12:00 vps52252 postfix/587/smtpd[290095]: connect from unknown[125.105.18.224]
Jun 3 08:12:01 vps52252 CRON[290191]: (root) CMD (/usr/local/dh/bin/clean_atjobs.sh > /dev/null)
Jun 3 08:12:01 vps52252 postfix/587/smtpd[290095]: lost connection after AUTH from unknown[125.105.18.224]
Jun 3 08:12:01 vps52252 postfix/587/smtpd[290095]: disconnect from unknown[125.105.18.224] ehlo=1 auth=0/1 commands=1/2
Jun 3 08:12:02 vps52252 postfix/587/smtpd[290194]: connect from unknown[125.105.19.234]
Jun 3 08:12:03 vps52252 postfix/587/smtpd[290095]: connect from unknown[125.105.18.224]
Jun 3 08:12:04 vps52252 postfix/587/smtpd[290095]: lost connection after AUTH from unknown[125.105.18.224]
Jun 3 08:12:04 vps52252 postfix/587/smtpd[290095]: disconnect from unknown[125.105.18.224] ehlo=1 auth=0/1 commands=1/2
Jun 3 08:12:05 vps52252 postfix/587/smtpd[290095]: connect from unknown[125.105.18.224]
Jun 3 08:12:06 vps52252 postfix/587/smtpd[290194]: lost connection after AUTH from unknown[125.105.19.234]
Jun 3 08:12:06 vps52252 postfix/587/smtpd[290194]: disconnect from unknown[125.105.19.234] ehlo=1 auth=0/1 commands=1/2
Jun 3 08:12:07 vps52252 postfix/587/smtpd[290095]: lost connection after AUTH from unknown[125.105.18.224]
Jun 3 08:12:07 vps52252 postfix/587/smtpd[290095]: disconnect from unknown[125.105.18.224] ehlo=1 auth=0/1 commands=1/2
Jun 3 08:12:07 vps52252 postfix/587/smtpd[290095]: connect from unknown[125.105.18.224]
Jun 3 08:12:08 vps52252 postfix/587/smtpd[290194]: connect from unknown[125.105.19.234]
Jun 3 08:12:09 vps52252 postfix/587/smtpd[290095]: lost connection after AUTH from unknown[125.105.18.224]
Jun 3 08:12:09 vps52252 postfix/587/smtpd[290095]: disconnect from unknown[125.105.18.224] ehlo=1 auth=0/1 commands=1/2
Jun 3 08:12:10 vps52252 postfix/587/smtpd[290194]: lost connection after AUTH from unknown[125.105.19.234]
Jun 3 08:12:10 vps52252 postfix/587/smtpd[290194]: disconnect from unknown[125.105.19.234] ehlo=1 auth=0/1 commands=1/2
Jun 3 08:12:11 vps52252 postfix/587/smtpd[290095]: connect from unknown[125.105.19.234]
Jun 3 08:12:12 vps52252 postfix/587/smtpd[290194]: connect from unknown[125.105.18.224]
Jun 3 08:12:13 vps52252 postfix/587/smtpd[290095]: lost connection after AUTH from unknown[125.105.19.234]
Jun 3 08:12:13 vps52252 postfix/587/smtpd[290095]: disconnect from unknown[125.105.19.234] ehlo=1 auth=0/1 commands=1/2
Jun 3 08:12:13 vps52252 postfix/587/smtpd[290095]: connect from unknown[125.105.19.234]
Jun 3 08:12:36 vps52252 postfix/587/smtpd[290194]: lost connection after AUTH from unknown[125.105.18.224]
Jun 3 08:12:36 vps52252 postfix/587/smtpd[290194]: disconnect from unknown[125.105.18.224] ehlo=1 auth=0/1 commands=1/2
Jun 3 08:12:36 vps52252 postfix/587/smtpd[290194]: connect from unknown[125.105.18.224]
Jun 3 08:12:38 vps52252 postfix/587/smtpd[290194]: lost connection after AUTH from unknown[125.105.18.224]
Jun 3 08:12:38 vps52252 postfix/587/smtpd[290194]: disconnect from unknown[125.105.18.224] ehlo=1 auth=0/1 commands=1/2
Jun 3 08:12:41 vps52252 postfix/587/smtpd[290194]: connect from unknown[125.105.18.224]
Jun 3 08:12:41 vps52252 postfix/587/smtpd[290194]: lost connection after AUTH from unknown[125.105.18.224]
Jun 3 08:12:41 vps52252 postfix/587/smtpd[290194]: disconnect from unknown[125.105.18.224] ehlo=1 auth=0/1 commands=1/2
Jun 3 08:12:42 vps52252 postfix/587/smtpd[290194]: connect from unknown[125.105.18.224]
Jun 3 08:12:43 vps52252 postfix/587/smtpd[290194]: lost connection after AUTH from unknown[125.105.18.224]
Jun 3 08:12:43 vps52252 postfix/587/smtpd[290194]: disconnect from unknown[125.105.18.224] ehlo=1 auth=0/1 commands=1/2
Jun 3 08:12:44 vps52252 postfix/587/smtpd[290095]: timeout after AUTH from unknown[125.105.19.234]
Jun 3 08:12:44 vps52252 postfix/587/smtpd[290095]: disconnect from unknown[125.105.19.234] ehlo=1 auth=0/1 commands=1/2
Jun 3 08:12:45 vps52252 postfix/587/smtpd[290194]: connect from unknown[125.105.18.224]
Jun 3 08:12:46 vps52252 postfix/587/smtpd[290194]: lost connection after AUTH from unknown[125.105.18.224]
Jun 3 08:12:46 vps52252 postfix/587/smtpd[290194]: disconnect from unknown[125.105.18.224] ehlo=1 auth=0/1 commands=1/2
Jun 3 08:12:57 vps52252 postfix/25/smtpd[288813]: connect from ip-64-90-62-226.dreamhost.com[64.90.62.226]
Jun 3 08:12:57 vps52252 postfix/25/smtpd[288813]: lost connection after CONNECT from ip-64-90-62-226.dreamhost.com[64.90.62.226]
Jun 3 08:12:57 vps52252 postfix/25/smtpd[288813]: disconnect from ip-64-90-62-226.dreamhost.com[64.90.62.226] commands=0/0
Jun 3 08:13:20 vps52252 postfix/587/smtpd[290095]: connect from unknown[125.105.18.224]
Jun 3 08:13:20 vps52252 postfix/587/smtpd[290095]: lost connection after AUTH from unknown[125.105.18.224]
Jun 3 08:13:20 vps52252 postfix/587/smtpd[290095]: disconnect from unknown[125.105.18.224] ehlo=1 auth=0/1 commands=1/2
Jun 3 08:13:23 vps52252 postfix/587/smtpd[290194]: connect from unknown[125.105.18.224]
Jun 3 08:13:25 vps52252 postfix/587/smtpd[290194]: lost connection after AUTH from unknown[125.105.18.224]
Jun 3 08:13:25 vps52252 postfix/587/smtpd[290194]: disconnect from unknown[125.105.18.224] ehlo=1 auth=0/1 commands=1/2
Jun 3 08:13:29 vps52252 postfix/587/smtpd[290095]: connect from unknown[125.105.18.224]
Jun 3 08:13:29 vps52252 postfix/587/smtpd[290095]: lost connection after AUTH from unknown[125.105.18.224]
Jun 3 08:13:29 vps52252 postfix/587/smtpd[290095]: disconnect from unknown[125.105.18.224] ehlo=1 auth=0/1 commands=1/2
Jun 3 08:13:36 vps52252 postfix/587/smtpd[290194]: connect from unknown[125.105.18.224]
Jun 3 08:13:37 vps52252 postfix/587/smtpd[290194]: lost connection after AUTH from unknown[125.105.18.224]
Jun 3 08:13:37 vps52252 postfix/587/smtpd[290194]: disconnect from unknown[125.105.18.224] ehlo=1 auth=0/1 commands=1/2
Jun 3 08:13:39 vps52252 postfix/587/smtpd[290095]: connect from unknown[125.105.18.224]
Jun 3 08:13:39 vps52252 postfix/587/smtpd[290095]: lost connection after AUTH from unknown[125.105.18.224]
Jun 3 08:13:39 vps52252 postfix/587/smtpd[290095]: disconnect from unknown[125.105.18.224] ehlo=1 auth=0/1 commands=1/2
Jun 3 08:13:40 vps52252 postfix/587/smtpd[290194]: connect from unknown[125.105.18.224]
Jun 3 08:13:42 vps52252 postfix/587/smtpd[290194]: lost connection after AUTH from unknown[125.105.18.224]
Jun 3 08:13:42 vps52252 postfix/587/smtpd[290194]: disconnect from unknown[125.105.18.224] ehlo=1 auth=0/1 commands=1/2
Jun 3 08:13:43 vps52252 postfix/587/smtpd[290095]: connect from unknown[125.105.18.224]
Jun 3 08:13:53 vps52252 postfix/587/smtpd[290095]: lost connection after AUTH from unknown[125.105.18.224]
Jun 3 08:13:53 vps52252 postfix/587/smtpd[290095]: disconnect from unknown[125.105.18.224] ehlo=1 auth=0/1 commands=1/2
Jun 3 08:13:56 vps52252 postfix/25/smtpd[288813]: connect from ip-64-90-62-226.dreamhost.com[64.90.62.226]
Jun 3 08:13:56 vps52252 postfix/25/smtpd[288813]: lost connection after CONNECT from ip-64-90-62-226.dreamhost.com[64.90.62.226]
Jun 3 08:13:56 vps52252 postfix/25/smtpd[288813]: disconnect from ip-64-90-62-226.dreamhost.com[64.90.62.226] commands=0/0
Jun 3 08:13:57 vps52252 postfix/587/smtpd[290194]: connect from unknown[125.105.18.224]
Jun 3 08:13:58 vps52252 postfix/587/smtpd[290194]: lost connection after AUTH from unknown[125.105.18.224]
Jun 3 08:13:58 vps52252 postfix/587/smtpd[290194]: disconnect from unknown[125.105.18.224] ehlo=1 auth=0/1 commands=1/2
Jun 3 08:13:58 vps52252 postfix/587/smtpd[290095]: connect from unknown[125.105.18.224]
Jun 3 08:13:58 vps52252 postfix/587/smtpd[290095]: lost connection after AUTH from unknown[125.105.18.224]
Jun 3 08:13:58 vps52252 postfix/587/smtpd[290095]: disconnect from unknown[125.105.18.224] ehlo=1 auth=0/1 commands=1/2
Jun 3 08:14:03 vps52252 postfix/587/smtpd[290194]: connect from unknown[125.105.18.224]
Jun 3 08:14:09 vps52252 postfix/anvil[156974]: statistics: max connection rate 20/60s for (587:125.105.49.81) at
Jun 3 08:05:20
Jun 3 08:14:09 vps52252 postfix/anvil[156974]: statistics: max connection count 2 for (587:125.105.49.81) at
Jun 3 08:05:02
Jun 3 08:14:09 vps52252 postfix/anvil[156974]: statistics: max cache size 4 at
Jun 3 08:11:46
Jun 3 08:14:17 vps52252 postfix/587/smtpd[290194]: lost connection after AUTH from unknown[125.105.18.224]
Jun 3 08:14:17 vps52252 postfix/587/smtpd[290194]: disconnect from unknown[125.105.18.224] ehlo=1 auth=0/1 commands=1/2
Jun 3 08:14:28 vps52252 ntpd[397]: local_clock: ntp_loopfilter.c line 817: ntp_adjtime: Operation not permitted
Jun 3 08:14:56 vps52252 postfix/25/smtpd[290231]: connect from ip-66-33-205-242.dreamhost.com[66.33.205.242]
Jun 3 08:14:56 vps52252 postfix/25/smtpd[290231]: lost connection after CONNECT from ip-66-33-205-242.dreamhost.com[66.33.205.242]
Jun 3 08:14:56 vps52252 postfix/25/smtpd[290231]: disconnect from ip-66-33-205-242.dreamhost.com[66.33.205.242] commands=0/0
Jun 3 08:15:01 vps52252 CRON[290234]: (root) CMD (command -v debian-sa1 > /dev/null && debian-sa1 1 1)
Jun 3 08:15:56 vps52252 postfix/25/smtpd[290231]: connect from ip-64-90-62-226.dreamhost.com[64.90.62.226]
Jun 3 08:15:56 vps52252 postfix/25/smtpd[290231]: lost connection after CONNECT from ip-64-90-62-226.dreamhost.com[64.90.62.226]
Jun 3 08:15:56 vps52252 postfix/25/smtpd[290231]: disconnect from ip-64-90-62-226.dreamhost.com[64.90.62.226] commands=0/0
Jun 3 08:16:56 vps52252 postfix/25/smtpd[290231]: connect from ip-66-33-205-242.dreamhost.com[66.33.205.242]
Jun 3 08:16:56 vps52252 postfix/25/smtpd[290231]: lost connection after CONNECT from ip-66-33-205-242.dreamhost.com[66.33.205.242]
Jun 3 08:16:56 vps52252 postfix/25/smtpd[290231]: disconnect from ip-66-33-205-242.dreamhost.com[66.33.205.242] commands=0/0
Jun 3 08:17:01 vps52252 CRON[290280]: (root) CMD ( cd / && run-parts --report /etc/cron.hourly)
Jun 3 08:17:44 vps52252 ntpd[397]: local_clock: ntp_loopfilter.c line 817: ntp_adjtime: Operation not permitted
Jun 3 08:17:56 vps52252 postfix/25/smtpd[290231]: connect from ip-66-33-205-242.dreamhost.com[66.33.205.242]
Jun 3 08:17:56 vps52252 postfix/25/smtpd[290231]: lost connection after CONNECT from ip-66-33-205-242.dreamhost.com[66.33.205.242]
Jun 3 08:17:56 vps52252 postfix/25/smtpd[290231]: disconnect from ip-66-33-205-242.dreamhost.com[66.33.205.242] commands=0/0
Jun 3 08:18:02 vps52252 postfix/587/smtpd[290294]: connect from unknown[125.105.18.106]
Jun 3 08:18:04 vps52252 postfix/587/smtpd[290294]: lost connection after AUTH from unknown[125.105.18.106]
Jun 3 08:18:04 vps52252 postfix/587/smtpd[290294]: disconnect from unknown[125.105.18.106] ehlo=1 auth=0/1 commands=1/2
Jun 3 08:18:05 vps52252 postfix/587/smtpd[290294]: connect from unknown[125.105.18.106]
Jun 3 08:18:06 vps52252 postfix/587/smtpd[290294]: lost connection after AUTH from unknown[125.105.18.106]
Jun 3 08:18:06 vps52252 postfix/587/smtpd[290294]: disconnect from unknown[125.105.18.106] ehlo=1 auth=0/1 commands=1/2
Jun 3 08:18:10 vps52252 postfix/587/smtpd[290294]: connect from unknown[125.105.18.106]
Jun 3 08:18:10 vps52252 postfix/587/smtpd[290294]: lost connection after AUTH from unknown[125.105.18.106]
Jun 3 08:18:10 vps52252 postfix/587/smtpd[290294]: disconnect from unknown[125.105.18.106] ehlo=1 auth=0/1 commands=1/2
Jun 3 08:18:14 vps52252 postfix/587/smtpd[290294]: connect from unknown[125.105.18.106]
Jun 3 08:18:15 vps52252 postfix/587/smtpd[290294]: lost connection after AUTH from unknown[125.105.18.106]
Jun 3 08:18:15 vps52252 postfix/587/smtpd[290294]: disconnect from unknown[125.105.18.106] ehlo=1 auth=0/1 commands=1/2
Jun 3 08:18:18 vps52252 postfix/587/smtpd[290294]: connect from unknown[125.105.18.106]
Jun 3 08:18:18 vps52252 postfix/587/smtpd[290294]: lost connection after AUTH from unknown[125.105.18.106]
Jun 3 08:18:18 vps52252 postfix/587/smtpd[290294]: disconnect from unknown[125.105.18.106] ehlo=1 auth=0/1 commands=1/2
Jun 3 08:18:21 vps52252 postfix/587/smtpd[290294]: connect from unknown[125.105.18.106]
Jun 3 08:18:22 vps52252 postfix/587/smtpd[290294]: lost connection after AUTH from unknown[125.105.18.106]
Jun 3 08:18:22 vps52252 postfix/587/smtpd[290294]: disconnect from unknown[125.105.18.106] ehlo=1 auth=0/1 commands=1/2
Jun 3 08:18:30 vps52252 postfix/587/smtpd[290294]: connect from unknown[125.105.18.106]
Jun 3 08:18:30 vps52252 postfix/587/smtpd[290294]: lost connection after AUTH from unknown[125.105.18.106]
Jun 3 08:18:30 vps52252 postfix/587/smtpd[290294]: disconnect from unknown[125.105.18.106] ehlo=1 auth=0/1 commands=1/2
Jun 3 08:18:34 vps52252 postfix/587/smtpd[290294]: connect from unknown[125.105.18.106]
Jun 3 08:18:34 vps52252 postfix/587/smtpd[290294]: lost connection after AUTH from unknown[125.105.18.106]
Jun 3 08:18:34 vps52252 postfix/587/smtpd[290294]: disconnect from unknown[125.105.18.106] ehlo=1 auth=0/1 commands=1/2
Jun 3 08:18:36 vps52252 postfix/587/smtpd[290294]: connect from unknown[125.105.18.106]
Jun 3 08:18:38 vps52252 postfix/587/smtpd[290294]: lost connection after AUTH from unknown[125.105.18.106]
Jun 3 08:18:38 vps52252 postfix/587/smtpd[290294]: disconnect from unknown[125.105.18.106] ehlo=1 auth=0/1 commands=1/2
Jun 3 08:18:41 vps52252 postfix/587/smtpd[290294]: connect from unknown[125.105.18.106]
Jun 3 08:18:41 vps52252 postfix/587/smtpd[290294]: lost connection after AUTH from unknown[125.105.18.106]
Jun 3 08:18:41 vps52252 postfix/587/smtpd[290294]: disconnect from unknown[125.105.18.106] ehlo=1 auth=0/1 commands=1/2
Jun 3 08:18:56 vps52252 postfix/25/smtpd[290231]: connect from ip-66-33-205-242.dreamhost.com[66.33.205.242]
Jun 3 08:18:56 vps52252 postfix/25/smtpd[290231]: lost connection after CONNECT from ip-66-33-205-242.dreamhost.com[66.33.205.242]
Jun 3 08:18:56 vps52252 postfix/25/smtpd[290231]: disconnect from ip-66-33-205-242.dreamhost.com[66.33.205.242] commands=0/0
Jun 3 08:19:45 vps52252 rsyslogd: [origin software="rsyslogd" swVersion="8.2112.0" x-pid="222" x-info="https://www.rsyslog.com"] rsyslogd was HUPed
Jun 3 08:19:56 vps52252 postfix/25/smtpd[290231]: connect from ip-64-90-62-226.dreamhost.com[64.90.62.226]
Jun 3 08:19:56 vps52252 postfix/25/smtpd[290231]: lost connection after CONNECT from ip-64-90-62-226.dreamhost.com[64.90.62.226]
Jun 3 08:19:56 vps52252 postfix/25/smtpd[290231]: disconnect from ip-64-90-62-226.dreamhost.com[64.90.62.226] commands=0/0
Jun 3 08:20:56 vps52252 postfix/25/smtpd[290231]: connect from ip-66-33-205-242.dreamhost.com[66.33.205.242]
Jun 3 08:20:56 vps52252 postfix/25/smtpd[290231]: lost connection after CONNECT from ip-66-33-205-242.dreamhost.com[66.33.205.242]
Jun 3 08:20:56 vps52252 postfix/25/smtpd[290231]: disconnect from ip-66-33-205-242.dreamhost.com[66.33.205.242] commands=0/0
Jun 3 08:21:00 vps52252 ntpd[397]: local_clock: ntp_loopfilter.c line 817: ntp_adjtime: Operation not permitted
Jun 3 08:21:56 vps52252 postfix/25/smtpd[290231]: connect from ip-66-33-205-242.dreamhost.com[66.33.205.242]
Jun 3 08:21:56 vps52252 postfix/25/smtpd[290231]: lost connection after CONNECT from ip-66-33-205-242.dreamhost.com[66.33.205.242]
Jun 3 08:21:56 vps52252 postfix/25/smtpd[290231]: disconnect from ip-66-33-205-242.dreamhost.com[66.33.205.242] commands=0/0
Jun 3 08:22:32 vps52252 postfix/587/smtpd[290370]: connect from unknown[125.105.18.33]
Jun 3 08:22:33 vps52252 postfix/587/smtpd[290370]: lost connection after AUTH from unknown[125.105.18.33]
Jun 3 08:22:33 vps52252 postfix/587/smtpd[290370]: disconnect from unknown[125.105.18.33] ehlo=1 auth=0/1 commands=1/2
Jun 3 08:22:36 vps52252 postfix/587/smtpd[290370]: connect from unknown[125.105.18.33]
Jun 3 08:22:37 vps52252 postfix/587/smtpd[290370]: lost connection after AUTH from unknown[125.105.18.33]
Jun 3 08:22:37 vps52252 postfix/587/smtpd[290370]: disconnect from unknown[125.105.18.33] ehlo=1 auth=0/1 commands=1/2
Jun 3 08:22:52 vps52252 postfix/587/smtpd[290370]: connect from unknown[125.105.18.33]
Jun 3 08:22:53 vps52252 postfix/587/smtpd[290370]: lost connection after AUTH from unknown[125.105.18.33]
Jun 3 08:22:53 vps52252 postfix/587/smtpd[290370]: disconnect from unknown[125.105.18.33] ehlo=1 auth=0/1 commands=1/2
Jun 3 08:22:56 vps52252 postfix/25/smtpd[290231]: connect from ip-64-90-62-226.dreamhost.com[64.90.62.226]
Jun 3 08:22:56 vps52252 postfix/25/smtpd[290231]: lost connection after CONNECT from ip-64-90-62-226.dreamhost.com[64.90.62.226]
Jun 3 08:22:56 vps52252 postfix/25/smtpd[290231]: disconnect from ip-64-90-62-226.dreamhost.com[64.90.62.226] commands=0/0
Jun 3 08:23:56 vps52252 postfix/25/smtpd[290231]: connect from ip-66-33-205-245.dreamhost.com[66.33.205.245]
Jun 3 08:23:56 vps52252 postfix/25/smtpd[290231]: lost connection after CONNECT from ip-66-33-205-245.dreamhost.com[66.33.205.245]
Jun 3 08:23:56 vps52252 postfix/25/smtpd[290231]: disconnect from ip-66-33-205-245.dreamhost.com[66.33.205.245] commands=0/0
Jun 3 08:24:09 vps52252 postfix/anvil[156974]: statistics: max connection rate 10/60s for (587:125.105.18.106) at
Jun 3 08:18:41
Jun 3 08:24:09 vps52252 postfix/anvil[156974]: statistics: max connection count 1 for (25:66.33.205.242) at
Jun 3 08:14:56
Jun 3 08:24:09 vps52252 postfix/anvil[156974]: statistics: max cache size 2 at
Jun 3 08:14:56
Jun 3 08:24:56 vps52252 postfix/25/smtpd[290231]: connect from ip-64-90-62-226.dreamhost.com[64.90.62.226]
Jun 3 08:24:56 vps52252 postfix/25/smtpd[290231]: lost connection after CONNECT from ip-64-90-62-226.dreamhost.com[64.90.62.226]
Jun 3 08:24:56 vps52252 postfix/25/smtpd[290231]: disconnect from ip-64-90-62-226.dreamhost.com[64.90.62.226] commands=0/0
Jun 3 08:25:01 vps52252 CRON[290411]: (root) CMD (command -v debian-sa1 > /dev/null && debian-sa1 1 1)
Jun 3 08:25:55 vps52252 postfix/25/smtpd[290231]: connect from zabbix-proxy46.dreamhost.com[10.5.22.181]
Jun 3 08:25:55 vps52252 postfix/25/smtpd[290231]: disconnect from zabbix-proxy46.dreamhost.com[10.5.22.181] quit=1 commands=1
Jun 3 08:25:56 vps52252 postfix/25/smtpd[290231]: connect from ip-66-33-205-245.dreamhost.com[66.33.205.245]
Jun 3 08:25:56 vps52252 postfix/25/smtpd[290231]: lost connection after CONNECT from ip-66-33-205-245.dreamhost.com[66.33.205.245]
Jun 3 08:25:56 vps52252 postfix/25/smtpd[290231]: disconnect from ip-66-33-205-245.dreamhost.com[66.33.205.245] commands=0/0
Jun 3 08:25:59 vps52252 systemd[290431]: Queued start job for default target Main User Target.
Jun 3 08:25:59 vps52252 systemd[290431]: Created slice User Application Slice.
Jun 3 08:25:59 vps52252 systemd[290431]: Reached target Paths.
Jun 3 08:25:59 vps52252 systemd[290431]: Reached target Timers.
Jun 3 08:25:59 vps52252 systemd[290431]: Starting D-Bus User Message Bus Socket...
Jun 3 08:25:59 vps52252 systemd[290431]: Listening on GnuPG network certificate management daemon.
Jun 3 08:25:59 vps52252 systemd[290431]: Listening on GnuPG cryptographic agent and passphrase cache (access for web browsers).
Jun 3 08:25:59 vps52252 systemd[290431]: Listening on GnuPG cryptographic agent and passphrase cache (restricted).
Jun 3 08:25:59 vps52252 systemd[290431]: Listening on GnuPG cryptographic agent (ssh-agent emulation).
Jun 3 08:25:59 vps52252 systemd[290431]: Listening on GnuPG cryptographic agent and passphrase cache.
Jun 3 08:25:59 vps52252 systemd[290431]: Listening on debconf communication socket.
Jun 3 08:25:59 vps52252 systemd[290431]: Listening on D-Bus User Message Bus Socket.
Jun 3 08:25:59 vps52252 systemd[290431]: Reached target Sockets.
Jun 3 08:25:59 vps52252 systemd[290431]: Reached target Basic System.
Jun 3 08:25:59 vps52252 systemd[290431]: Reached target Main User Target.
Jun 3 08:25:59 vps52252 systemd[290431]: Startup finished in 74ms.
Jun 3 08:26:12 vps52252 systemd[290431]: Stopped target Main User Target.
Jun 3 08:26:12 vps52252 systemd[290431]: Stopped target Basic System.
Jun 3 08:26:12 vps52252 systemd[290431]: Stopped target Paths.
Jun 3 08:26:12 vps52252 systemd[290431]: Stopped target Sockets.
Jun 3 08:26:12 vps52252 systemd[290431]: Stopped target Timers.
Jun 3 08:26:12 vps52252 systemd[290431]: Closed D-Bus User Message Bus Socket.
Jun 3 08:26:12 vps52252 systemd[290431]: Closed GnuPG network certificate management daemon.
Jun 3 08:26:12 vps52252 systemd[290431]: Closed GnuPG cryptographic agent and passphrase cache (access for web browsers).
Jun 3 08:26:12 vps52252 systemd[290431]: Closed GnuPG cryptographic agent and passphrase cache (restricted).
Jun 3 08:26:12 vps52252 systemd[290431]: Closed GnuPG cryptographic agent (ssh-agent emulation).
Jun 3 08:26:12 vps52252 systemd[290431]: Closed GnuPG cryptographic agent and passphrase cache.
Jun 3 08:26:12 vps52252 systemd[290431]: Closed debconf communication socket.
Jun 3 08:26:12 vps52252 systemd[290431]: Removed slice User Application Slice.
Jun 3 08:26:12 vps52252 systemd[290431]: Reached target Shutdown.
Jun 3 08:26:12 vps52252 systemd[290431]: Finished Exit the Session.
Jun 3 08:26:12 vps52252 systemd[290431]: Reached target Exit the Session.
Jun 3 08:26:12 vps52252 postfix/587/smtpd[290469]: connect from unknown[49.85.127.194]
Jun 3 08:26:13 vps52252 postfix/587/smtpd[290469]: lost connection after CONNECT from unknown[49.85.127.194]
Jun 3 08:26:13 vps52252 postfix/587/smtpd[290469]: disconnect from unknown[49.85.127.194] commands=0/0
Jun 3 08:26:13 vps52252 postfix/587/smtpd[290469]: connect from unknown[49.85.127.194]
Jun 3 08:26:14 vps52252 postfix/587/smtpd[290470]: connect from unknown[49.85.127.194]
Jun 3 08:26:14 vps52252 postfix/587/smtpd[290469]: lost connection after CONNECT from unknown[49.85.127.194]
Jun 3 08:26:14 vps52252 postfix/587/smtpd[290469]: disconnect from unknown[49.85.127.194] commands=0/0
Jun 3 08:26:14 vps52252 postfix/587/smtpd[290470]: lost connection after CONNECT from unknown[49.85.127.194]
Jun 3 08:26:14 vps52252 postfix/587/smtpd[290470]: disconnect from unknown[49.85.127.194] commands=0/0
Jun 3 08:26:14 vps52252 postfix/587/smtpd[290469]: connect from unknown[49.85.127.194]
Jun 3 08:26:14 vps52252 postfix/587/smtpd[290470]: connect from unknown[49.85.127.194]
Jun 3 08:26:15 vps52252 postfix/587/smtpd[290470]: lost connection after CONNECT from unknown[49.85.127.194]
Jun 3 08:26:15 vps52252 postfix/587/smtpd[290470]: disconnect from unknown[49.85.127.194] commands=0/0
Jun 3 08:26:15 vps52252 postfix/587/smtpd[290470]: connect from unknown[49.85.127.194]
Jun 3 08:26:16 vps52252 postfix/587/smtpd[290469]: lost connection after CONNECT from unknown[49.85.127.194]
Jun 3 08:26:16 vps52252 postfix/587/smtpd[290469]: disconnect from unknown[49.85.127.194] commands=0/0
Jun 3 08:26:16 vps52252 postfix/587/smtpd[290470]: lost connection after CONNECT from unknown[49.85.127.194]
Jun 3 08:26:16 vps52252 postfix/587/smtpd[290470]: disconnect from unknown[49.85.127.194] commands=0/0
Jun 3 08:26:16 vps52252 postfix/587/smtpd[290469]: connect from unknown[49.85.127.194]
Jun 3 08:26:16 vps52252 postfix/587/smtpd[290469]: lost connection after CONNECT from unknown[49.85.127.194]
Jun 3 08:26:16 vps52252 postfix/587/smtpd[290469]: disconnect from unknown[49.85.127.194] commands=0/0
Jun 3 08:26:16 vps52252 postfix/587/smtpd[290470]: connect from unknown[49.85.127.194]
Jun 3 08:26:17 vps52252 postfix/587/smtpd[290469]: connect from unknown[49.85.127.194]
Jun 3 08:26:17 vps52252 postfix/587/smtpd[290470]: lost connection after CONNECT from unknown[49.85.127.194]
Jun 3 08:26:17 vps52252 postfix/587/smtpd[290470]: disconnect from unknown[49.85.127.194] commands=0/0
Jun 3 08:26:17 vps52252 postfix/587/smtpd[290470]: connect from unknown[49.85.127.194]
Jun 3 08:26:17 vps52252 postfix/587/smtpd[290470]: lost connection after CONNECT from unknown[49.85.127.194]
Jun 3 08:26:17 vps52252 postfix/587/smtpd[290470]: disconnect from unknown[49.85.127.194] commands=0/0
Jun 3 08:26:18 vps52252 postfix/587/smtpd[290470]: connect from unknown[49.85.127.194]
Jun 3 08:26:18 vps52252 postfix/587/smtpd[290469]: lost connection after CONNECT from unknown[49.85.127.194]
Jun 3 08:26:18 vps52252 postfix/587/smtpd[290469]: disconnect from unknown[49.85.127.194] commands=0/0
Jun 3 08:26:18 vps52252 postfix/587/smtpd[290470]: lost connection after CONNECT from unknown[49.85.127.194]
Jun 3 08:26:18 vps52252 postfix/587/smtpd[290470]: disconnect from unknown[49.85.127.194] commands=0/0
Jun 3 08:26:19 vps52252 postfix/587/smtpd[290469]: connect from unknown[49.85.127.194]
Jun 3 08:26:19 vps52252 postfix/587/smtpd[290469]: lost connection after CONNECT from unknown[49.85.127.194]
Jun 3 08:26:19 vps52252 postfix/587/smtpd[290469]: disconnect from unknown[49.85.127.194] commands=0/0
Jun 3 08:26:19 vps52252 postfix/587/smtpd[290470]: connect from unknown[49.85.127.194]
Jun 3 08:26:19 vps52252 postfix/587/smtpd[290470]: lost connection after CONNECT from unknown[49.85.127.194]
Jun 3 08:26:19 vps52252 postfix/587/smtpd[290470]: disconnect from unknown[49.85.127.194] commands=0/0
Jun 3 08:26:19 vps52252 postfix/587/smtpd[290469]: connect from unknown[49.85.127.194]
Jun 3 08:26:19 vps52252 postfix/587/smtpd[290469]: lost connection after CONNECT from unknown[49.85.127.194]
Jun 3 08:26:19 vps52252 postfix/587/smtpd[290469]: disconnect from unknown[49.85.127.194] commands=0/0
Jun 3 08:26:20 vps52252 postfix/587/smtpd[290470]: connect from unknown[182.204.176.84]
Jun 3 08:26:20 vps52252 postfix/587/smtpd[290470]: lost connection after AUTH from unknown[182.204.176.84]
Jun 3 08:26:20 vps52252 postfix/587/smtpd[290470]: disconnect from unknown[182.204.176.84] ehlo=1 auth=0/1 commands=1/2
Jun 3 08:26:21 vps52252 postfix/587/smtpd[290469]: connect from unknown[182.204.176.84]
Jun 3 08:26:21 vps52252 postfix/587/smtpd[290470]: connect from unknown[49.85.127.194]
Jun 3 08:26:21 vps52252 postfix/587/smtpd[290469]: lost connection after AUTH from unknown[182.204.176.84]
Jun 3 08:26:21 vps52252 postfix/587/smtpd[290469]: disconnect from unknown[182.204.176.84] ehlo=1 auth=0/1 commands=1/2
Jun 3 08:26:22 vps52252 postfix/587/smtpd[290470]: lost connection after CONNECT from unknown[49.85.127.194]
Jun 3 08:26:22 vps52252 postfix/587/smtpd[290470]: disconnect from unknown[49.85.127.194] commands=0/0
Jun 3 08:26:22 vps52252 postfix/587/smtpd[290469]: connect from unknown[49.85.127.194]
Jun 3 08:26:22 vps52252 postfix/587/smtpd[290469]: lost connection after CONNECT from unknown[49.85.127.194]
Jun 3 08:26:22 vps52252 postfix/587/smtpd[290469]: disconnect from unknown[49.85.127.194] commands=0/0
Jun 3 08:26:22 vps52252 postfix/587/smtpd[290470]: connect from unknown[49.85.127.194]
Jun 3 08:26:22 vps52252 postfix/587/smtpd[290470]: lost connection after CONNECT from unknown[49.85.127.194]
Jun 3 08:26:22 vps52252 postfix/587/smtpd[290470]: disconnect from unknown[49.85.127.194] commands=0/0
Jun 3 08:26:22 vps52252 postfix/587/smtpd[290469]: connect from unknown[182.204.176.84]
Jun 3 08:26:22 vps52252 postfix/587/smtpd[290470]: connect from unknown[49.85.127.194]
Jun 3 08:26:23 vps52252 postfix/587/smtpd[290470]: lost connection after CONNECT from unknown[49.85.127.194]
Jun 3 08:26:23 vps52252 postfix/587/smtpd[290470]: disconnect from unknown[49.85.127.194] commands=0/0
Jun 3 08:26:23 vps52252 postfix/587/smtpd[290470]: connect from unknown[49.85.127.194]
Jun 3 08:26:23 vps52252 postfix/587/smtpd[290469]: lost connection after AUTH from unknown[182.204.176.84]
Jun 3 08:26:23 vps52252 postfix/587/smtpd[290469]: disconnect from unknown[182.204.176.84] ehlo=1 auth=0/1 commands=1/2
Jun 3 08:26:23 vps52252 postfix/587/smtpd[290470]: lost connection after CONNECT from unknown[49.85.127.194]
Jun 3 08:26:23 vps52252 postfix/587/smtpd[290470]: disconnect from unknown[49.85.127.194] commands=0/0
Jun 3 08:26:23 vps52252 postfix/587/smtpd[290469]: connect from unknown[49.85.127.194]
Jun 3 08:26:23 vps52252 postfix/587/smtpd[290469]: lost connection after CONNECT from unknown[49.85.127.194]
Jun 3 08:26:23 vps52252 postfix/587/smtpd[290469]: disconnect from unknown[49.85.127.194] commands=0/0
Jun 3 08:26:24 vps52252 postfix/587/smtpd[290470]: connect from unknown[182.204.176.84]
Jun 3 08:26:25 vps52252 postfix/587/smtpd[290470]: lost connection after AUTH from unknown[182.204.176.84]
Jun 3 08:26:25 vps52252 postfix/587/smtpd[290470]: disconnect from unknown[182.204.176.84] ehlo=1 auth=0/1 commands=1/2
Jun 3 08:26:26 vps52252 postfix/587/smtpd[290469]: connect from unknown[182.204.176.84]
Jun 3 08:26:28 vps52252 postfix/587/smtpd[290469]: lost connection after AUTH from unknown[182.204.176.84]
Jun 3 08:26:28 vps52252 postfix/587/smtpd[290469]: disconnect from unknown[182.204.176.84] ehlo=1 auth=0/1 commands=1/2
Jun 3 08:26:28 vps52252 postfix/587/smtpd[290470]: connect from unknown[182.204.176.84]
Jun 3 08:26:29 vps52252 postfix/587/smtpd[290470]: lost connection after AUTH from unknown[182.204.176.84]
Jun 3 08:26:29 vps52252 postfix/587/smtpd[290470]: disconnect from unknown[182.204.176.84] ehlo=1 auth=0/1 commands=1/2
Jun 3 08:26:30 vps52252 postfix/587/smtpd[290469]: connect from unknown[182.204.176.84]
Jun 3 08:26:30 vps52252 postfix/587/smtpd[290469]: lost connection after AUTH from unknown[182.204.176.84]
Jun 3 08:26:30 vps52252 postfix/587/smtpd[290469]: disconnect from unknown[182.204.176.84] ehlo=1 auth=0/1 commands=1/2
Jun 3 08:26:31 vps52252 postfix/587/smtpd[290470]: connect from unknown[182.204.176.84]
Jun 3 08:26:33 vps52252 postfix/587/smtpd[290470]: lost connection after AUTH from unknown[182.204.176.84]
Jun 3 08:26:33 vps52252 postfix/587/smtpd[290470]: disconnect from unknown[182.204.176.84] ehlo=1 auth=0/1 commands=1/2
Jun 3 08:26:34 vps52252 postfix/587/smtpd[290469]: connect from unknown[182.204.176.84]
Jun 3 08:26:34 vps52252 postfix/587/smtpd[290469]: lost connection after AUTH from unknown[182.204.176.84]
Jun 3 08:26:34 vps52252 postfix/587/smtpd[290469]: disconnect from unknown[182.204.176.84] ehlo=1 auth=0/1 commands=1/2
Jun 3 08:26:35 vps52252 postfix/587/smtpd[290470]: connect from unknown[182.204.176.84]
Jun 3 08:26:35 vps52252 postfix/587/smtpd[290470]: lost connection after AUTH from unknown[182.204.176.84]
Jun 3 08:26:35 vps52252 postfix/587/smtpd[290470]: disconnect from unknown[182.204.176.84] ehlo=1 auth=0/1 commands=1/2
Jun 3 08:26:56 vps52252 postfix/25/smtpd[290231]: connect from ip-64-90-62-226.dreamhost.com[64.90.62.226]
Jun 3 08:26:56 vps52252 postfix/25/smtpd[290231]: lost connection after CONNECT from ip-64-90-62-226.dreamhost.com[64.90.62.226]
Jun 3 08:26:56 vps52252 postfix/25/smtpd[290231]: disconnect from ip-64-90-62-226.dreamhost.com[64.90.62.226] commands=0/0
Jun 3 08:27:56 vps52252 postfix/25/smtpd[290231]: connect from ip-66-33-205-242.dreamhost.com[66.33.205.242]
Jun 3 08:27:56 vps52252 postfix/25/smtpd[290231]: lost connection after CONNECT from ip-66-33-205-242.dreamhost.com[66.33.205.242]
Jun 3 08:27:56 vps52252 postfix/25/smtpd[290231]: disconnect from ip-66-33-205-242.dreamhost.com[66.33.205.242] commands=0/0
Jun 3 08:28:56 vps52252 postfix/25/smtpd[290231]: connect from ip-64-90-62-226.dreamhost.com[64.90.62.226]
Jun 3 08:28:56 vps52252 postfix/25/smtpd[290231]: lost connection after CONNECT from ip-64-90-62-226.dreamhost.com[64.90.62.226]
Jun 3 08:28:56 vps52252 postfix/25/smtpd[290231]: disconnect from ip-64-90-62-226.dreamhost.com[64.90.62.226] commands=0/0
Jun 3 08:29:01 vps52252 postfix/587/smtpd[290524]: connect from unknown[182.204.182.184]
Jun 3 08:29:01 vps52252 postfix/587/smtpd[290524]: lost connection after AUTH from unknown[182.204.182.184]
Jun 3 08:29:01 vps52252 postfix/587/smtpd[290524]: disconnect from unknown[182.204.182.184] ehlo=1 auth=0/1 commands=1/2
Jun 3 08:29:02 vps52252 postfix/587/smtpd[290524]: connect from unknown[182.204.182.184]
Jun 3 08:29:03 vps52252 postfix/587/smtpd[290524]: lost connection after AUTH from unknown[182.204.182.184]
Jun 3 08:29:03 vps52252 postfix/587/smtpd[290524]: disconnect from unknown[182.204.182.184] ehlo=1 auth=0/1 commands=1/2
Jun 3 08:29:03 vps52252 postfix/587/smtpd[290524]: connect from unknown[182.204.182.184]
Jun 3 08:29:05 vps52252 postfix/587/smtpd[290524]: lost connection after AUTH from unknown[182.204.182.184]
Jun 3 08:29:05 vps52252 postfix/587/smtpd[290524]: disconnect from unknown[182.204.182.184] ehlo=1 auth=0/1 commands=1/2
Jun 3 08:29:05 vps52252 postfix/587/smtpd[290524]: connect from unknown[182.204.182.184]
Jun 3 08:29:06 vps52252 postfix/587/smtpd[290524]: lost connection after AUTH from unknown[182.204.182.184]
Jun 3 08:29:06 vps52252 postfix/587/smtpd[290524]: disconnect from unknown[182.204.182.184] ehlo=1 auth=0/1 commands=1/2
Jun 3 08:29:07 vps52252 postfix/587/smtpd[290524]: connect from unknown[182.204.182.184]
Jun 3 08:29:08 vps52252 postfix/587/smtpd[290524]: lost connection after AUTH from unknown[182.204.182.184]
Jun 3 08:29:08 vps52252 postfix/587/smtpd[290524]: disconnect from unknown[182.204.182.184] ehlo=1 auth=0/1 commands=1/2
Jun 3 08:29:09 vps52252 postfix/587/smtpd[290524]: connect from unknown[182.204.182.184]
Jun 3 08:29:09 vps52252 postfix/587/smtpd[290524]: lost connection after AUTH from unknown[182.204.182.184]
Jun 3 08:29:09 vps52252 postfix/587/smtpd[290524]: disconnect from unknown[182.204.182.184] ehlo=1 auth=0/1 commands=1/2
Jun 3 08:29:10 vps52252 postfix/587/smtpd[290524]: connect from unknown[182.204.182.184]
Jun 3 08:29:13 vps52252 postfix/587/smtpd[290524]: lost connection after AUTH from unknown[182.204.182.184]
Jun 3 08:29:13 vps52252 postfix/587/smtpd[290524]: disconnect from unknown[182.204.182.184] ehlo=1 auth=0/1 commands=1/2
Jun 3 08:29:15 vps52252 postfix/587/smtpd[290524]: connect from unknown[182.204.182.184]
Jun 3 08:29:16 vps52252 postfix/587/smtpd[290524]: lost connection after AUTH from unknown[182.204.182.184]
Jun 3 08:29:16 vps52252 postfix/587/smtpd[290524]: disconnect from unknown[182.204.182.184] ehlo=1 auth=0/1 commands=1/2
Jun 3 08:29:17 vps52252 postfix/587/smtpd[290524]: connect from unknown[182.204.182.184]
Jun 3 08:29:18 vps52252 postfix/587/smtpd[290524]: lost connection after AUTH from unknown[182.204.182.184]
Jun 3 08:29:18 vps52252 postfix/587/smtpd[290524]: disconnect from unknown[182.204.182.184] ehlo=1 auth=0/1 commands=1/2
Jun 3 08:29:18 vps52252 postfix/587/smtpd[290524]: connect from unknown[182.204.182.184]
Jun 3 08:29:18 vps52252 postfix/587/smtpd[290524]: lost connection after AUTH from unknown[182.204.182.184]
Jun 3 08:29:18 vps52252 postfix/587/smtpd[290524]: disconnect from unknown[182.204.182.184] ehlo=1 auth=0/1 commands=1/2
Jun 3 08:29:46 vps52252 ntpd[397]: local_clock: ntp_loopfilter.c line 817: ntp_adjtime: Operation not permitted
Jun 3 08:29:56 vps52252 postfix/25/smtpd[290231]: connect from ip-66-33-205-245.dreamhost.com[66.33.205.245]
Jun 3 08:29:56 vps52252 postfix/25/smtpd[290231]: lost connection after CONNECT from ip-66-33-205-245.dreamhost.com[66.33.205.245]
Jun 3 08:29:56 vps52252 postfix/25/smtpd[290231]: disconnect from ip-66-33-205-245.dreamhost.com[66.33.205.245] commands=0/0
Jun 3 08:30:50 vps52252 ntpd[397]: local_clock: ntp_loopfilter.c line 817: ntp_adjtime: Operation not permitted
Jun 3 08:30:56 vps52252 postfix/25/smtpd[290231]: connect from ip-66-33-205-242.dreamhost.com[66.33.205.242]
Jun 3 08:30:56 vps52252 postfix/25/smtpd[290231]: lost connection after CONNECT from ip-66-33-205-242.dreamhost.com[66.33.205.242]
Jun 3 08:30:56 vps52252 postfix/25/smtpd[290231]: disconnect from ip-66-33-205-242.dreamhost.com[66.33.205.242] commands=0/0
Jun 3 08:31:56 vps52252 postfix/25/smtpd[290231]: connect from ip-64-90-62-226.dreamhost.com[64.90.62.226]
Jun 3 08:31:56 vps52252 postfix/25/smtpd[290231]: lost connection after CONNECT from ip-64-90-62-226.dreamhost.com[64.90.62.226]
Jun 3 08:31:56 vps52252 postfix/25/smtpd[290231]: disconnect from ip-64-90-62-226.dreamhost.com[64.90.62.226] commands=0/0
Jun 3 08:32:58 vps52252 postfix/25/smtpd[290231]: connect from ip-64-90-62-226.dreamhost.com[64.90.62.226]
Jun 3 08:32:58 vps52252 postfix/25/smtpd[290231]: lost connection after CONNECT from ip-64-90-62-226.dreamhost.com[64.90.62.226]
Jun 3 08:32:58 vps52252 postfix/25/smtpd[290231]: disconnect from ip-64-90-62-226.dreamhost.com[64.90.62.226] commands=0/0
Jun 3 08:33:56 vps52252 postfix/25/smtpd[290231]: connect from ip-66-33-205-242.dreamhost.com[66.33.205.242]
Jun 3 08:33:56 vps52252 postfix/25/smtpd[290231]: lost connection after CONNECT from ip-66-33-205-242.dreamhost.com[66.33.205.242]
Jun 3 08:33:56 vps52252 postfix/25/smtpd[290231]: disconnect from ip-66-33-205-242.dreamhost.com[66.33.205.242] commands=0/0
Jun 3 08:34:09 vps52252 postfix/anvil[156974]: statistics: max connection rate 20/60s for (587:49.85.127.194) at
Jun 3 08:26:23
Jun 3 08:34:09 vps52252 postfix/anvil[156974]: statistics: max connection count 2 for (587:49.85.127.194) at
Jun 3 08:26:14
Jun 3 08:34:09 vps52252 postfix/anvil[156974]: statistics: max cache size 4 at
Jun 3 08:26:20
Jun 3 08:34:56 vps52252 postfix/25/smtpd[290231]: connect from ip-64-90-62-226.dreamhost.com[64.90.62.226]
Jun 3 08:34:56 vps52252 postfix/25/smtpd[290231]: lost connection after CONNECT from ip-64-90-62-226.dreamhost.com[64.90.62.226]
Jun 3 08:34:56 vps52252 postfix/25/smtpd[290231]: disconnect from ip-64-90-62-226.dreamhost.com[64.90.62.226] commands=0/0
Jun 3 08:35:01 vps52252 CRON[290583]: (root) CMD (command -v debian-sa1 > /dev/null && debian-sa1 1 1)
Jun 3 08:35:29 vps52252 postfix/587/smtpd[290590]: connect from unknown[125.106.95.194]
Jun 3 08:35:29 vps52252 postfix/587/smtpd[290590]: lost connection after AUTH from unknown[125.106.95.194]
Jun 3 08:35:29 vps52252 postfix/587/smtpd[290590]: disconnect from unknown[125.106.95.194] ehlo=1 auth=0/1 commands=1/2
Jun 3 08:35:31 vps52252 postfix/587/smtpd[290590]: connect from unknown[125.106.95.194]
Jun 3 08:35:31 vps52252 postfix/587/smtpd[290590]: lost connection after AUTH from unknown[125.106.95.194]
Jun 3 08:35:31 vps52252 postfix/587/smtpd[290590]: disconnect from unknown[125.106.95.194] ehlo=1 auth=0/1 commands=1/2
Jun 3 08:35:32 vps52252 postfix/587/smtpd[290590]: connect from unknown[125.106.95.194]
Jun 3 08:35:32 vps52252 postfix/587/smtpd[290590]: lost connection after AUTH from unknown[125.106.95.194]
Jun 3 08:35:32 vps52252 postfix/587/smtpd[290590]: disconnect from unknown[125.106.95.194] ehlo=1 auth=0/1 commands=1/2
Jun 3 08:35:34 vps52252 postfix/587/smtpd[290590]: connect from unknown[125.106.95.194]
Jun 3 08:35:34 vps52252 postfix/587/smtpd[290590]: lost connection after AUTH from unknown[125.106.95.194]
Jun 3 08:35:34 vps52252 postfix/587/smtpd[290590]: disconnect from unknown[125.106.95.194] ehlo=1 auth=0/1 commands=1/2
Jun 3 08:35:35 vps52252 postfix/587/smtpd[290590]: connect from unknown[125.106.95.194]
Jun 3 08:35:36 vps52252 postfix/587/smtpd[290590]: lost connection after AUTH from unknown[125.106.95.194]
Jun 3 08:35:36 vps52252 postfix/587/smtpd[290590]: disconnect from unknown[125.106.95.194] ehlo=1 auth=0/1 commands=1/2
Jun 3 08:35:38 vps52252 postfix/587/smtpd[290590]: connect from unknown[125.106.95.194]
Jun 3 08:35:40 vps52252 postfix/587/smtpd[290590]: lost connection after AUTH from unknown[125.106.95.194]
Jun 3 08:35:40 vps52252 postfix/587/smtpd[290590]: disconnect from unknown[125.106.95.194] ehlo=1 auth=0/1 commands=1/2
Jun 3 08:35:41 vps52252 postfix/587/smtpd[290590]: connect from unknown[125.106.95.194]
Jun 3 08:35:42 vps52252 postfix/587/smtpd[290590]: lost connection after AUTH from unknown[125.106.95.194]
Jun 3 08:35:42 vps52252 postfix/587/smtpd[290590]: disconnect from unknown[125.106.95.194] ehlo=1 auth=0/1 commands=1/2
Jun 3 08:35:43 vps52252 postfix/587/smtpd[290590]: connect from unknown[125.106.95.194]
Jun 3 08:35:44 vps52252 postfix/587/smtpd[290590]: lost connection after AUTH from unknown[125.106.95.194]
Jun 3 08:35:44 vps52252 postfix/587/smtpd[290590]: disconnect from unknown[125.106.95.194] ehlo=1 auth=0/1 commands=1/2
Jun 3 08:35:44 vps52252 postfix/587/smtpd[290590]: connect from unknown[125.106.95.194]
Jun 3 08:35:46 vps52252 postfix/587/smtpd[290590]: lost connection after AUTH from unknown[125.106.95.194]
Jun 3 08:35:46 vps52252 postfix/587/smtpd[290590]: disconnect from unknown[125.106.95.194] ehlo=1 auth=0/1 commands=1/2
Jun 3 08:35:47 vps52252 postfix/587/smtpd[290590]: connect from unknown[125.106.95.194]
Jun 3 08:35:47 vps52252 postfix/587/smtpd[290590]: lost connection after AUTH from unknown[125.106.95.194]
Jun 3 08:35:47 vps52252 postfix/587/smtpd[290590]: disconnect from unknown[125.106.95.194] ehlo=1 auth=0/1 commands=1/2
Jun 3 08:35:56 vps52252 postfix/25/smtpd[290231]: connect from ip-64-90-62-226.dreamhost.com[64.90.62.226]
Jun 3 08:35:56 vps52252 postfix/25/smtpd[290231]: lost connection after CONNECT from ip-64-90-62-226.dreamhost.com[64.90.62.226]
Jun 3 08:35:56 vps52252 postfix/25/smtpd[290231]: disconnect from ip-64-90-62-226.dreamhost.com[64.90.62.226] commands=0/0
Jun 3 08:36:19 vps52252 ntpd[397]: local_clock: ntp_loopfilter.c line 817: ntp_adjtime: Operation not permitted
Jun 3 08:36:56 vps52252 postfix/25/smtpd[290231]: connect from ip-66-33-205-245.dreamhost.com[66.33.205.245]
Jun 3 08:36:56 vps52252 postfix/25/smtpd[290231]: lost connection after CONNECT from ip-66-33-205-245.dreamhost.com[66.33.205.245]
Jun 3 08:36:56 vps52252 postfix/25/smtpd[290231]: disconnect from ip-66-33-205-245.dreamhost.com[66.33.205.245] commands=0/0
Jun 3 08:37:54 vps52252 postfix/587/smtpd[290611]: connect from 75.211.203.35.bc.googleusercontent.com[35.203.211.75]
Jun 3 08:37:57 vps52252 postfix/25/smtpd[290231]: connect from ip-66-33-205-242.dreamhost.com[66.33.205.242]
Jun 3 08:37:57 vps52252 postfix/25/smtpd[290231]: lost connection after CONNECT from ip-66-33-205-242.dreamhost.com[66.33.205.242]
Jun 3 08:37:57 vps52252 postfix/25/smtpd[290231]: disconnect from ip-66-33-205-242.dreamhost.com[66.33.205.242] commands=0/0
Jun 3 08:38:11 vps52252 postfix/587/smtpd[290611]: lost connection after CONNECT from 75.211.203.35.bc.googleusercontent.com[35.203.211.75]
Jun 3 08:38:11 vps52252 postfix/587/smtpd[290611]: disconnect from 75.211.203.35.bc.googleusercontent.com[35.203.211.75] commands=0/0
Jun 3 08:38:31 vps52252 ntpd[397]: local_clock: ntp_loopfilter.c line 817: ntp_adjtime: Operation not permitted
Jun 3 08:38:56 vps52252 postfix/25/smtpd[290231]: connect from ip-66-33-205-245.dreamhost.com[66.33.205.245]
Jun 3 08:38:56 vps52252 postfix/25/smtpd[290231]: lost connection after CONNECT from ip-66-33-205-245.dreamhost.com[66.33.205.245]
Jun 3 08:38:56 vps52252 postfix/25/smtpd[290231]: disconnect from ip-66-33-205-245.dreamhost.com[66.33.205.245] commands=0/0
Jun 3 08:39:01 vps52252 CRON[290619]: (root) CMD ( [ -x /usr/lib/php/sessionclean ] && if [ ! -d /run/systemd/system ]; then /usr/lib/php/sessionclean; fi)
Jun 3 08:39:37 vps52252 ntpd[397]: local_clock: ntp_loopfilter.c line 817: ntp_adjtime: Operation not permitted
Jun 3 08:39:56 vps52252 postfix/25/smtpd[290231]: connect from ip-64-90-62-226.dreamhost.com[64.90.62.226]
Jun 3 08:39:56 vps52252 postfix/25/smtpd[290231]: lost connection after CONNECT from ip-64-90-62-226.dreamhost.com[64.90.62.226]
Jun 3 08:39:56 vps52252 postfix/25/smtpd[290231]: disconnect from ip-64-90-62-226.dreamhost.com[64.90.62.226] commands=0/0
Jun 3 08:40:07 vps52252 postfix/587/smtpd[290649]: connect from 75.211.203.35.bc.googleusercontent.com[35.203.211.75]
Jun 3 08:40:07 vps52252 postfix/587/smtpd[290649]: lost connection after UNKNOWN from 75.211.203.35.bc.googleusercontent.com[35.203.211.75]
Jun 3 08:40:07 vps52252 postfix/587/smtpd[290649]: disconnect from 75.211.203.35.bc.googleusercontent.com[35.203.211.75] unknown=0/1 commands=0/1
Jun 3 08:40:25 vps52252 postfix/587/smtpd[290649]: connect from unknown[116.209.61.191]
Jun 3 08:40:26 vps52252 postfix/587/smtpd[290649]: lost connection after AUTH from unknown[116.209.61.191]
Jun 3 08:40:26 vps52252 postfix/587/smtpd[290649]: disconnect from unknown[116.209.61.191] ehlo=1 auth=0/1 commands=1/2
Jun 3 08:40:26 vps52252 postfix/587/smtpd[290649]: connect from unknown[116.209.61.191]
Jun 3 08:40:27 vps52252 postfix/587/smtpd[290655]: connect from unknown[125.106.158.124]
Jun 3 08:40:28 vps52252 postfix/587/smtpd[290649]: lost connection after AUTH from unknown[116.209.61.191]
Jun 3 08:40:29 vps52252 postfix/587/smtpd[290649]: disconnect from unknown[116.209.61.191] ehlo=1 auth=0/1 commands=1/2
Jun 3 08:40:29 vps52252 postfix/587/smtpd[290655]: lost connection after AUTH from unknown[125.106.158.124]
Jun 3 08:40:29 vps52252 postfix/587/smtpd[290655]: disconnect from unknown[125.106.158.124] ehlo=1 auth=0/1 commands=1/2
Jun 3 08:40:30 vps52252 postfix/587/smtpd[290649]: connect from unknown[116.209.61.191]
Jun 3 08:40:32 vps52252 postfix/587/smtpd[290655]: connect from unknown[125.106.158.124]
Jun 3 08:40:33 vps52252 postfix/587/smtpd[290649]: lost connection after AUTH from unknown[116.209.61.191]
Jun 3 08:40:33 vps52252 postfix/587/smtpd[290649]: disconnect from unknown[116.209.61.191] ehlo=1 auth=0/1 commands=1/2
Jun 3 08:40:33 vps52252 postfix/587/smtpd[290655]: lost connection after AUTH from unknown[125.106.158.124]
Jun 3 08:40:33 vps52252 postfix/587/smtpd[290655]: disconnect from unknown[125.106.158.124] ehlo=1 auth=0/1 commands=1/2
Jun 3 08:40:33 vps52252 postfix/587/smtpd[290649]: connect from unknown[116.209.61.191]
Jun 3 08:40:35 vps52252 postfix/587/smtpd[290649]: lost connection after AUTH from unknown[116.209.61.191]
Jun 3 08:40:35 vps52252 postfix/587/smtpd[290649]: disconnect from unknown[116.209.61.191] ehlo=1 auth=0/1 commands=1/2
Jun 3 08:40:36 vps52252 postfix/587/smtpd[290655]: connect from unknown[125.106.158.124]
Jun 3 08:40:37 vps52252 postfix/587/smtpd[290649]: connect from unknown[116.209.61.191]
Jun 3 08:40:38 vps52252 postfix/587/smtpd[290649]: lost connection after AUTH from unknown[116.209.61.191]
Jun 3 08:40:38 vps52252 postfix/587/smtpd[290649]: disconnect from unknown[116.209.61.191] ehlo=1 auth=0/1 commands=1/2
Jun 3 08:40:38 vps52252 postfix/587/smtpd[290649]: connect from unknown[116.209.61.191]
Jun 3 08:40:39 vps52252 postfix/587/smtpd[290649]: lost connection after AUTH from unknown[116.209.61.191]
Jun 3 08:40:39 vps52252 postfix/587/smtpd[290649]: disconnect from unknown[116.209.61.191] ehlo=1 auth=0/1 commands=1/2
Jun 3 08:40:40 vps52252 postfix/587/smtpd[290649]: connect from unknown[116.209.61.191]
Jun 3 08:40:41 vps52252 postfix/587/smtpd[290649]: lost connection after AUTH from unknown[116.209.61.191]
Jun 3 08:40:41 vps52252 postfix/587/smtpd[290649]: disconnect from unknown[116.209.61.191] ehlo=1 auth=0/1 commands=1/2
Jun 3 08:40:42 vps52252 postfix/587/smtpd[290649]: connect from unknown[116.209.61.191]
Jun 3 08:40:42 vps52252 postfix/587/smtpd[290657]: connect from 75.211.203.35.bc.googleusercontent.com[35.203.211.75]
Jun 3 08:40:42 vps52252 postfix/587/smtpd[290649]: lost connection after AUTH from unknown[116.209.61.191]
Jun 3 08:40:42 vps52252 postfix/587/smtpd[290649]: disconnect from unknown[116.209.61.191] ehlo=1 auth=0/1 commands=1/2
Jun 3 08:40:43 vps52252 postfix/587/smtpd[290657]: lost connection after AUTH from 75.211.203.35.bc.googleusercontent.com[35.203.211.75]
Jun 3 08:40:43 vps52252 postfix/587/smtpd[290657]: disconnect from 75.211.203.35.bc.googleusercontent.com[35.203.211.75] auth=0/2 commands=0/2
Jun 3 08:40:44 vps52252 postfix/587/smtpd[290649]: connect from unknown[116.209.61.191]
Jun 3 08:40:44 vps52252 postfix/587/smtpd[290649]: lost connection after AUTH from unknown[116.209.61.191]
Jun 3 08:40:44 vps52252 postfix/587/smtpd[290649]: disconnect from unknown[116.209.61.191] ehlo=1 auth=0/1 commands=1/2
Jun 3 08:40:45 vps52252 postfix/587/smtpd[290657]: connect from unknown[116.209.61.191]
Jun 3 08:40:46 vps52252 postfix/587/smtpd[290655]: lost connection after AUTH from unknown[125.106.158.124]
Jun 3 08:40:46 vps52252 postfix/587/smtpd[290655]: disconnect from unknown[125.106.158.124] ehlo=1 auth=0/1 commands=1/2
Jun 3 08:40:47 vps52252 postfix/587/smtpd[290657]: lost connection after AUTH from unknown[116.209.61.191]
Jun 3 08:40:47 vps52252 postfix/587/smtpd[290657]: disconnect from unknown[116.209.61.191] ehlo=1 auth=0/1 commands=1/2
Jun 3 08:40:52 vps52252 postfix/587/smtpd[290649]: connect from unknown[125.106.158.124]
Jun 3 08:40:53 vps52252 postfix/587/smtpd[290649]: lost connection after AUTH from unknown[125.106.158.124]
Jun 3 08:40:53 vps52252 postfix/587/smtpd[290649]: disconnect from unknown[125.106.158.124] ehlo=1 auth=0/1 commands=1/2
Jun 3 08:40:54 vps52252 postfix/587/smtpd[290655]: connect from unknown[125.106.158.124]
Jun 3 08:40:55 vps52252 postfix/25/smtpd[290231]: connect from zabbix-proxy46.dreamhost.com[10.5.22.181]
Jun 3 08:40:55 vps52252 postfix/25/smtpd[290231]: disconnect from zabbix-proxy46.dreamhost.com[10.5.22.181] quit=1 commands=1
